 2 - 1 - 3*v. Let z = 1299 + -1293. Determine x(z).
-11
Let x(s) = 13 - 4*s - 11 + 3 - 8. Let a be 357/(-34)*4/6. Calculate x(a).
25
Let a(g) = -2*g**2 - 59*g - 19. Let x be (-31 - -34)*(-232)/24. Calculate a(x).
10
Let l(v) = 3*v**3 + 21*v**2 - 44*v + 29. Let q(f) = -f**3 - 7*f**2 + 14*f - 9. Let i(p) = -4*l(p) - 13*q(p). Suppose -o + 0 = 8. Give i(o).
-15
Let z(u) = 6*u - 3893 - 4*u + 3853. Determine z(20).
0
Let y(n) be the first derivative of -3*n**2 - 30*n - 66. Determine y(-7).
12
Let x(d) = -1 - d**2 + 4 - 1 + 0 + 3*d. Suppose 0 = 5*q + 10, -19 = -3*o + 10*q - 8*q. What is x(o)?
-8
Let n(p) = p**2 + 16*p - 12. Let j(m) = 52*m + 3936. Let f be j(-76). Give n(f).
-12
Let q be -2*(-12)/(-30) + 13/((-390)/(-204)). Let m(p) = -p**2 + 6*p - 3. Calculate m(q).
-3
Let z = -20 + 40. Suppose -14 = q - z. Let s(n) = -2*n**2 + 7*n + 2. Give s(q).
-28
Let o(l) = -6*l - 6. Let p(m) = -m**3 - 17*m**2 - 11*m + 76. Let w = 391 + -407. Let k be p(w). Determine o(k).
18
Let o(z) = 3*z**2. Suppose 0 = 13*q - 10*q + 9, 0 = -4*r - 4*q - 1644. Let h = r - -407. Calculate o(h).
3
Let l(y) be the first derivative of -y**4/4 - 14*y**3/3 - 35*y**2/2 - 25*y - 216. Calculate l(-11).
-3
Suppose -4029*f + 144 = -4013*f. Let q(i) = 2*i - 3. Give q(f).
15
Suppose 0 = -3*r - 3 - 6. Let n(a) = -2. Let z(j) be the first derivative of j**2/2 + 10*j + 128. Let v(f) = -6*n(f) - z(f). What is v(r)?
5
Suppose 66 = i - 24. Let v be 3 + 29/(-9) + (-340)/i. Let t(m) = m**3 + 3*m**2 - 6*m - 3. What is t(v)?
5
Let v(q) be the second derivative of -1/120*q**5 + 48*q + 3/2*q**2 + 1/6*q**4 - q**3 + 0. Let k(j) be the second derivative of v(j). Calculate k(5).
-1
Let t(n) = 58*n**2 + 289*n - 4. Let v be -11 + ((-1)/4 - (11 + (-345)/20)). Determine t(v).
1
Let i(v) be the first derivative of 2*v**2 + 205*v + 3420. What is i(-50)?
5
Let x(t) = -t**2 - 8*t - 44. Let l(z) = -6*z**2 - 41*z - 231. Let a(o) = -2*l(o) + 11*x(o). Calculate a(7).
-15
Let v be (-1)/((2/14)/(34 + -35)). Let t(i) = -3*i**2 + 17*i + 2. Determine t(v).
-26
Let q(w) = w**3 - 15*w**2 + 22*w + 46. Let k be q(13). Let m(o) = o**2 + 5*o - 12. Determine m(k).
-6
Let o(b) = 4*b**2 + b. Let y(q) = -9*q**2 + 19*q + 169. Let k(a) = -2*o(a) - y(a). Give k(-6).
-7
Let d(f) = 12*f - 12. Let w(x) = x**3 - 11*x**2 - 60*x + 2. Let u be w(-4). Give d(u).
12
Suppose 5*h + 0 = -5. Let o(t) be the first derivative of 10*t**3 + t + 232. Calculate o(h).
31
Let z(j) = -2*j + 2 + 8 - 5. Let m = 60 - 39. Let k be m*2*(-4)/24. What is z(k)?
19
Let w(c) = -14*c**2 - 3*c + 2. Let j be w(1). Let t(l) be the third derivative of l**6/120 + 4*l**5/15 + 2*l**4/3 + 2*l**3 - 159*l**2 + l - 1. Calculate t(j).
-3
Let c(u) be the third derivative of -u**4/6 - 2*u**3 + u**2 - 2*u + 9. Give c(0).
-12
Let s(h) = 5*h**3 - 4*h**2 + 4. Let b = 10 + -6. Let d(o) = -b*o**2 + 14*o**3 - 4*o**3 + 4 - 6*o**3. Let g(c) = -6*d(c) + 5*s(c). What is g(-4)?
-4
Suppose 0*a = 5*a - 10, -3*a = -5*r + 4. Suppose 0 = r*x - 5*x, 2*x = 5*w - 80. Let f(q) = -2*q + 36. Give f(w).
4
Let r(z) be the third derivative of z**4/4 + 11*z**3/2 - z**2 + 68. Determine r(-8).
-15
Let y(u) be the third derivative of -13*u**4/24 + u**3/6 + 127*u**2 + 1. Suppose -3*z = -z + 16. Let h be ((-5)/(-20))/((-2)/z). Determine y(h).
-12
Let g(z) = -z - 7. Suppose 0*n + 4*n = 12. Let a(j) = 2*j**2 + j - 16. Let r be a(n). Let t be 0 + r/10*-12. Determine g(t).
-1
Let h be 23/((-598)/(-234))*(-6)/18. Let n(q) be the third derivative of -q**5/30 - q**4/4 + 2*q**2. Give n(h).
0
Let r(b) be the third derivative of -b**4/24 - b**2. Let q be 1128/423 + ((-65)/(-15) - 1). What is r(q)?
-6
Let d(l) = -l**2 + 13*l - 10. Let m(p) = p**3 - 30*p**2 + 34*p - 132. Let o be m(29). Determine d(o).
-10
Let a(w) = 5*w - w**2 + 5 - 6 + 9. Suppose -13*j - 6*j + 5909 = 0. Let d = -304 + j. Calculate a(d).
-6
Let m(l) = -4*l**2 + l. Let s be (-2*(-445)/10)/(0 + -1). Let h = s - -64. Let y = 26 + h. Give m(y).
-3
Suppose -s + 3*s - 3*h + 3 = 0, 3*h - 9 = 0. Let a(d) = -22 + 9 - s*d**2 + 10 - 5*d + 3*d**3 - 2*d**3. Determine a(4).
-7
Let l(m) = 28*m**2 + 397*m + 60. Let f be l(-14). Let t(q) = 9*q**2 + 89*q - 1. Calculate t(f).
9
Let d(u) = u**2 + 6*u + 15. Let z(v) = -3*v + 21. Let s be z(9). Let g be d(s). Suppose 0 = 10*y - 7*y + g. Let a(t) = -t**2 - 8*t - 6. Calculate a(y).
9
Let a(j) = -j + 11. Let x(r) = r**3 + 3*r**2 + 9*r - 6. Let q be x(4). Let w = -142 + q. Determine a(w).
11
Let k(m) = m**3 - 3*m**2 - 2*m. Let w be k(3). Let j(o) be the second derivative of -1/2*o**4 - 1/20*o**5 - 1/6*o**3 + o - 5/2*o**2 - 32. Determine j(w).
1
Let h(i) = -5*i + 12. Let a(w) = w**2 - 61*w - 787. Let u be a(72). Give h(u).
-13
Suppose 0 = -a - 4*a + 900. Suppose -2*c - 183 = 3*n, c + a = -c - 2*n. Let x = -84 - c. Let i(l) = l**2 - 2*l + 2. Determine i(x).
5
Let a(g) be the third derivative of -g**6/360 - 11*g**5/120 - 7*g**4/24 - 23*g**3 - 233*g**2. Let q(h) be the first derivative of a(h). Calculate q(-8).
17
Let n be (1 + 7/(-3))*-3. Let z(j) = n*j + 2*j - 7*j**2 - 7 + j**3 + 2*j. Let x = -1132 + 1138. What is z(x)?
5
Let j = -2316 - -2308. Let p(n) = -n**3 - 6*n**2 + 12*n - 32. Give p(j).
0
Let i = -6 - -11. Suppose -2*b = -5*k - 16, 2*b + 3*b + 2*k - 11 = 0. Let g(f) = -6707*f**3 - 4*f**2 - 4 + 7 - 7*f + 6708*f**b. What is g(i)?
-7
Suppose 398 = 19*t + 113. Suppose 3*b = -t*h + 12*h + 6, 3*h = -5*b. Let z(o) = o**3 - 4*o - 3. Calculate z(b).
-18
Let x = -8169 + 8170. Let l(p) be the third derivative of 11*p**6/120 + p**5/30 - p**4/12 + p**3/6 + 4*p**2. What is l(x)?
12
Let h(s) = -2*s**2 - 21*s + 161. Let r be h(5). Let b(m) = m**3 - 10*m**2 + 24*m + 5. What is b(r)?
5
Let a(o) = o**2 + 9*o + 9. Let s be 9 - ((7 - 20) + 29). Give a(s).
-5
Let a be (18 + (-111)/6)*(2 - 2). Let t(h) = -h**2 - 2*h - 5. What is t(a)?
-5
Let d(a) = -232 - 6*a + 22*a + 235 + 47*a - 13*a. What is d(-2)?
-97
Let t(m) = 30*m - 20. Let q be t(2). Suppose -q = 9*i - 4*i. Let s(o) = -7*o**2 - 9*o. Let r(x) = -15*x**2 - 18*x. Let f(u) = 6*r(u) - 13*s(u). Give f(i).
-8
Let n = -9 - -2. Let w(c) be the first derivative of -c**4/4 - 8*c**3/3 - 3*c**2 + 8*c + 241. Give w(n).
1
Let x(o) be the third derivative of -o**6/120 + 5*o**5/6 - 47*o**4/12 - 38*o**3/3 - 6752*o**2. Calculate x(48).
20
Let m(f) = f**2 - 4*f. Let t(r) = 25 - 29 + r**2 + 5 - 3*r. Suppose l - 1 + 2 = -2*a, a + 11 = l. Let p(b) = l*t(b) - 6*m(b). Calculate p(-5).
17
Let l(s) = -799*s + 769. Let o(k) = -356*k + 385. Let d(b) = 3*l(b) - 7*o(b). Determine d(4).
-8
Let q(o) = 3287*o - 9. Let l(d) = 2465*d - 9. Let s(n) = -4*l(n) + 3*q(n). Suppose 5*u + 8 = -12. Give s(u).
5
Let u = -470 - -490. Let z(h) = u - 6*h + 24*h - 21*h. Give z(6).
2
Suppose 3*l - 5*l - 2*c = 16, -4*c = 5*l + 39. Let q(f) = 2*f**2 + 8*f - 17. Calculate q(l).
25
Let w(k) = -520*k**2 - 7*k + 3 + 15*k + 9*k + 521*k**2. Determine w(-11).
-63
Let x(q) = -97*q - 10955. Let y be x(-113). Let n(u) = 13*u + 43. Determine n(y).
121
Let p = -39 - -40. Suppose -z - 2*c + 5 = -6*z, z = -c - p. Let u be z - (2 - 3) - 2. Let o(m) = -3*m**2 - 2*m. Give o(u).
-8
Let t = -8 - -14. Let j be (-25)/25 - (-9 - (0 + 0)). Let g(a) = -t - j*a + 2*a + 7 + 3*a. Give g(-3).
10
Let k(s) = 161*s + 165*s + 3*s**2 - 487*s + 79 + 163*s - 4*s**2. Determine k(11).
-20
Let j(n) be the second derivative of 0*n**2 + 19*n + 0 + 5/6*n**3. Let m(o) = -5*o. Let z(v) = -4*j(v) - 5*m(v). What is z(3)?
15
Let a(h) = -5*h**3 - 9*h**2 + 5*h + 14. Let m(t) = t**3 + t**2 - 2*t - 1. Let n(q) = -a(q) - 4*m(q). Determine n(-5).
-25
Let w(v) = -7*v - 4*v**2 + 3*v**3 + 6*v - 2 - 4*v**3. Let c be w(-4). Let o(b) = -31*b + 37*b + 0 + c. Give o(-4).
-22
Let m(n) be the second derivative of -n**3 - 34*n**2 - 23*n - 93. What is m(-10)?
-8
Let g = -171 - -173. Let d(k) = -g*k**2 + 3*k**2 - 3 + 2*k - 6*k**2 + 3*k**3 + 2*k**2. Calculate d(2).
13
Let c = -7741 + 7744. Let a(x) = -2 + 3 + 4*x**2 - x**3 - x**2 - 4*x + 0*x**2. Determine a(c).
-11
Let j(k) = 2*k**3 + 11*k - 31. Let q(u) = 3*u**3 + 19*u - 63. Let o(r) = 5*j(r) - 3*q(r). Determine o(0).
34
Let b(o) = -o**2 + 5*o - 6. Let t(k) be the third derivative of -k**5/60 - k**4/3 + 53*k**3/6 - 99*k**2. Let p be t(-12). Determine b(p).
-6
Suppose d + 20 = 5*d, -2*d - 276 = -2*m. Let s(j) = -m*j + 1 + 73*j + 71*j. Determine s(-5).
